= -105 + a. Let y(l) = 4*l - 30. Let v be y(12). What is the highest common divisor of z and v?
18
Let x(h) = -h**2 + 37*h - 161. Let r be x(28). Calculate the highest common divisor of r and 1911.
91
Let t(f) = 6*f - 23. Let m(v) = -11*v + 47. Let r(b) = 3*m(b) + 5*t(b). Let y be r(6). What is the highest common divisor of 4 and y?
4
Let k = 37 + -31. Suppose -190 = p - k*p - n, 3*n - 200 = -5*p. Calculate the highest common divisor of p and 148.
37
Let c(l) = -4*l + 6*l + 4 + 14*l. Let o be c(2). What is the greatest common divisor of o and 4?
4
Let i = 24 - 6. Let j(q) be the first derivative of q**3/3 + q**2 - 21*q - 5. Let n be j(-8). What is the greatest common divisor of i and n?
9
Suppose 2*a + 2 + 4 = 0. Let l = a - -7. Let m be 15*(24/3)/l. What is the greatest common divisor of 15 and m?
15
Let x = -33 - -53. What is the highest common factor of 12 and x?
4
Let r be -5*1704/(-45)*(-36)/(-16). What is the highest common factor of 12 and r?
6
Let g be 6 - ((-12)/(-2) + -2). Let l be (-127)/(-3) + g*4/(-24). What is the highest common factor of 21 and l?
21
Let y = -29 - -1. Let w = y + 53. Let u = -15 + w. Calculate the greatest common factor of 2 and u.
2
Suppose -3*t = 137 - 374. Calculate the highest common divisor of 1106 and t.
79
Let b be (88/(-16))/(1*(-3)/18). Calculate the highest common divisor of 6 and b.
3
Let m be (-19)/(0 - 2/4). Let x = 64 - m. Let u(p) = -15*p - 130. Let y be u(-13). Calculate the highest common divisor of x and y.
13
Suppose 4*z - z + 2*a = 316, 3*z = 2*a + 332. Suppose 3*k - z = 3*h, -5*h - 78 = -2*k - h. Calculate the highest common factor of 11 and k.
11
Let s(g) = 10*g**2 - 29*g + 6. Let q be s(3). What is the highest common divisor of q and 156?
3
Let q be 17/34*6*8. What is the greatest common factor of q and 24?
24
Let m = 647 + -629. Suppose 2*g = 6*g - 24. Calculate the greatest common factor of m and g.
6
Suppose d = -d + 5*l + 2, 2 = 2*d + 2*l. Let x be -6*(3/(-2) + 0). Calculate the greatest common factor of d and x.
1
Suppose -2*i + 8 = -0*i. Suppose i*w = 421 + 83. Let b(q) = 4*q**2 + q - 4. Let j be b(2). What is the highest common divisor of w and j?
14
Let g = -14 + 13. Let y = 4 + g. Suppose -y*p = -0*p - 9. What is the highest common factor of 24 and p?
3
Let v be 2/4 + 183/2. Let o = v - 56. Suppose 4*r + 40 = 4*c, c + 2*r = -r + 18. Calculate the greatest common divisor of o and c.
12
Suppose 3*h + 0*h - 18 = 0. Calculate the greatest common divisor of h and 6.
6
Let z(o) = -3*o + 3. Let r be z(3). Let u be (-15)/(-10) - r/(-4). Let p(d) = d**2 - d + 66. Let v be p(u). What is the greatest common factor of 11 and v?
11
Suppose -2*p + 6*p - 964 = -2*o, 235 = p + 2*o. What is the highest common factor of p and 9?
9
Suppose 446*s = 439*s + 35. Calculate the highest common divisor of 55 and s.
5
Let u be (-2 + 3)/(43/14 + -3). What is the greatest common factor of u and 126?
14
Let o = 1 - -2. Let w = 3 - o. Suppose p = -w*p + 14. Calculate the highest common factor of 35 and p.
7
Suppose x - 4*f = 3*x - 30, 4*x = -2*f + 30. Let r be -4*(1 - (x + -3)). Let b be (-42)/r*-4 + -3. Calculate the highest common factor of b and 26.
13
Let b = 21 - 22. Let v = b - -10. Let c = 188 - 89. What is the highest common divisor of c and v?
9
Suppose -5*i + 10 = -2*b + 72, -3*i = 3*b - 51. Calculate the greatest common divisor of 399 and b.
21
Suppose 3*q + 41 = 266. What is the greatest common divisor of q and 825?
75
Suppose 3*b + 103 = 5*d, -2*b + 43 = 2*d - 5*b. What is the highest common divisor of d and 12?
4
Suppose 7 = -2*q - 5*r, -4*r = -r + 9. Suppose -2*h - 6 = -q. Let i be -21*(h + (-6)/2). Calculate the highest common factor of 12 and i.
12
Suppose q + 5*q = 0. Suppose q = -3*f + 6 + 12. What is the highest common factor of f and 24?
6
Suppose 7*y + 560 = 12*y. Let d be (y/10)/(10/25). Calculate the highest common divisor of 70 and d.
14
Let n be (7 - 4) + 4 + -7. Suppose 3*t + b = -0*t + 51, 4*b - 12 = n. What is the greatest common factor of t and 2?
2
Suppose 6*h - 767 = -557. Calculate the greatest common divisor of h and 21.
7
Let z be 2*(-85)/(-10)*-3. Let s = z + 99. What is the highest common divisor of s and 16?
16
Let d = -131 + 152. Calculate the highest common divisor of 28 and d.
7
Let h(n) = -15*n - 6 - 1 - 1 - 2. Let u be h(-11). Calculate the greatest common divisor of 62 and u.
31
Suppose -5*w - 3*k = -w - 807, -5*k + 608 = 3*w. Let x be w/6 + (-2)/(-4). Calculate the highest common divisor of x and 85.
17
Suppose -540 = 4*g - 6*g. Let j = -46 + 76. Calculate the highest common divisor of j and g.
30
Suppose 2 = 4*c - 6. Suppose -4*u = -c*j + 8, j + 3*j = u + 16. Suppose -j*w + 13 = -31. What is the greatest common divisor of 11 and w?
11
Suppose 2399 - 2687 = -12*m. Suppose -2*s = s - 96. Calculate the highest common divisor of m and s.
8
Let s(k) = k**3 + 11*k**2 + 4*k + 26. Let z be s(-11). Let w be ((-21)/2)/(27/z). Let g be 1*-4*14/(-8). Calculate the highest common factor of g and w.
7
Let s be 1 + 1750/45 - (-5 + -2)/63. Suppose -16 = -3*k + k. What is the greatest common factor of k and s?
8
Suppose -3*a + 356 = 4*i + a, -353 = -4*i - a. Let j be i/(-14) - 10/(-35). Let o be j/3 - (-58 - -1). What is the greatest common factor of o and 5?
5
Suppose -5*m + 2*m = 2*w - 144, -5*m - 3*w + 240 = 0. Suppose -496 - 700 = -17*x + 164. What is the greatest common factor of m and x?
16
Suppose 4*d + m - 100 = 199, -2*d = 4*m - 146. Calculate the highest common divisor of d and 350.
25
Let b = 110 + -104. Suppose -564 = -b*g + 396. What is the greatest common divisor of 64 and g?
32
Let p be -4 + 21 - (15 - 5). Suppose -2*t + 1 = -1. Let f be 4*28/(t + 1). Calculate the highest common factor of p and f.
7
Let h(a) = 19*a**2 - 5*a - 6. Let l be h(3). What is the highest common factor of 120 and l?
30
Let h(p) = 2*p**2 + 3*p + 5. Let y be h(3). What is the highest common factor of 192 and y?
32
Suppose 0 = -5*t + 2*t + 9. Suppose 3*x + a = 35, 3*x = -0*x + t*a + 15. Calculate the greatest common factor of x and 110.
10
Let h be (2 - -1)*-8*(-45)/108. Calculate the highest common divisor of h and 1030.
10
Suppose -3*b = 4*a - 3189, 4*a - 2*a - 1597 = -b. Calculate the greatest common factor of 9 and a.
9
Let r be 5 + -2 + 3/3. Let l(v) = 4*v**2 - 5*v**2 + 5*v - r*v + 10 + 10*v. Let q be l(9). Calculate the highest common factor of 70 and q.
14
Let j be 22/(-99) + (-8320)/(-18). Suppose -4*z - 13 - 7 = 0, -4*i - 5*z + 143 = 0. Calculate the highest common divisor of i and j.
42
Let x(o) = -7*o - 2. Let g be x(-5). Let n be (-13 - -3)*(-14)/4. Suppose 3*k - n = -4*c, 2 = c - 2*k + 5*k. What is the highest common divisor of g and c?
11
Let g be (((-8)/(-5))/(-1))/((-8)/140). What is the greatest common divisor of g and 32?
4
Let d be (-644)/21*(-78)/52. Suppose -7*s + 92 = -3*s. What is the greatest common factor of s and d?
23
Suppose 10*g - 1185 = -865. What is the greatest common divisor of 72 and g?
8
Let z be 96/(-5) - 4/5. Let p be ((-108)/(-60))/((-2)/z). Let w be -1 - -1*(2 + 35). Calculate the highest common divisor of w and p.
18
Let w = -33 + 38. Suppose 0*p - w*p + 60 = 0. Calculate the highest common divisor of p and 8.
4
Suppose -4 = -11*m + 7*m. Suppose -4*w - m = 4*y - w, 3*y + 5*w = -9. Suppose -y*f = -1 - 9. Calculate the greatest common factor of 20 and f.
5
Let i be 38228/684 + 1/18*2. Let m = 28 + -14. Calculate the greatest common factor of m and i.
14
Suppose 2*i - 6 = -0*i. Suppose -x + i*a + a + 48 = 0, 5*x - 4*a = 192. Calculate the highest common factor of 90 and x.
18
Let s(b) = -b**3 + 7*b**2 + b + 30. Let q be s(7). Calculate the greatest common factor of 1 and q.
1
Suppose 0 = -2*i + 14. Suppose -i = -4*p + 25. Let w(b) = -20*b - 4. Let t be w(-3). What is the highest common factor of t and p?
8
Let z be 1 + (-291)/(-9) + 8/(-24). Calculate the greatest common factor of z and 264.
33
Suppose 2737 = 27*x - 5687. Calculate the highest common divisor of 72 and x.
24
Let h = 13 - 1. Let y(t) = -t**3 - t**2 + t + 6. Let x be y(0). Suppose -x*i + 240 = -i. What is the greatest common factor of h and i?
12
Let g(t) = 6*t + 31. Let o be g(-11). Let h = o - -51. What is the greatest common divisor of h and 112?
16
Suppose -k = -3*d - 47, -235 = 4*k - 9